z) = 20*z - 23. What is the hundreds digit of f(12)?
2
Suppose -3*a + 11 = 2, -5*z + 3 = a. Suppose 3*u = 6*l - 4*l - 2, z = 5*l + 2*u - 24. Suppose y = -3*s - 2 + 15, 4*y - 52 = l*s. What is the tens digit of y?
1
Let f(h) = -h + 2*h**2 - h**2 - h - h - 1. What is the units digit of f(-2)?
9
Let z be (8 - 1) + -2 + 0. Suppose -66 - 149 = -z*x. What is the tens digit of x?
4
Let n(p) = p**2 - 12*p + 13. Let l = 3 - -8. What is the units digit of n(l)?
2
Let r(v) be the second derivative of 1/12*v**4 - v + 3/2*v**2 - 2/3*v**3 + 0. What is the units digit of r(5)?
8
Suppose f = -4*f + 10. Suppose -f*w = w - 6. Let u = w - -4. What is the units digit of u?
6
Let m = -4 - -8. Let o = 21 - m. What is the tens digit of o?
1
Let l(i) = 15*i**2 + 39*i + 29. Let f(a) = 7*a**2 + 19*a + 14. Let m(p) = -13*f(p) + 6*l(p). What is the tens digit of m(-11)?
1
Let d(k) be the first derivative of k**3/3 - 3*k**2/2 - k + 1. Let w be (-6 - -4) + 7*1. What is the units digit of d(w)?
9
Let h = 13 + 18. What is the units digit of h?
1
Suppose 0 = 4*p - 22 + 2. Suppose -p*w = -19 - 1. Suppose w*t - 1 = 4*v - 13, 4*v = -2*t + 6. What is the units digit of v?
2
Let w = 107 + -73. What is the tens digit of w?
3
Suppose -5*g + g + 184 = 0. What is the units digit of g?
6
Suppose 15 = 5*a - 0. What is the units digit of a?
3
Suppose -2 = -3*o + 4*o. Let m be (-18)/(-4)*o/(-3). Suppose -36 = -4*h - r, 14 = m*h + 3*r - 22. What is the units digit of h?
8
Suppose 0*t = 5*t - 790. What is the units digit of t?
8
Suppose -3*k - 5*y = -442, 493 + 119 = 4*k + y. What is the units digit of k?
4
Suppose -377 = -4*z - q, 184 = -0*z + 2*z + 2*q. What is the units digit of z/20 - 3/(-12)?
5
Let s(o) = 3*o**2 + 2*o - 26. What is the units digit of s(8)?
2
Suppose 19 = 2*q - 9. What is the units digit of q?
4
Suppose -3*q = 2*q - 25. Suppose 2*x - q*x = -60. Suppose 5*c - 2*a = x, c + 0*a - 1 = a. What is the units digit of c?
6
What is the units digit of 176/10 - (-12)/30?
8
Suppose -1 = -2*z + 7. Suppose 0*f + 31 = -5*h - 3*f, z*h - 4*f + 12 = 0. Let a(w) = w**3 + 6*w**2 + 3*w - 3. What is the units digit of a(h)?
7
Let x(n) = -2*n + 12. Let z be x(5). Suppose i - 150 = -z*i. What is the tens digit of i?
5
Let o = 137 + -40. What is the units digit of o?
7
Let m(k) = -3*k**2 - 2. Let z be m(-2). Let j be ((-11)/(-2) + -3)*z. Let t = -21 - j. What is the tens digit of t?
1
Let c(t) = t**3 - 4*t**2 - 2*t + 6. Let o be c(4). What is the tens digit of 2 + (0 - o) + 47?
5
Let s = 8 - 5. Suppose 5*v + q - 3*q - 141 = 0, 0 = -s*v - 5*q + 66. What is the tens digit of v?
2
Let a be (64/(-10))/((-5)/25). Suppose -a = -2*x - 2*z + 6*z, -5*x = 5*z - 35. Let w = x - 5. What is the units digit of w?
5
Let h = -30 - -72. Suppose -5*s = 3*q - 86, q = 6*s - s + h. What is the units digit of q?
2
Suppose -5*x + 121 = -9. What is the tens digit of x?
2
Suppose 7*g - 1219 = -106. What is the units digit of g?
9
Let w = -138 + 16. What is the tens digit of 4/(-6) + w/(-3)?
4
Suppose -2*r + 5*r - 5*n - 1 = 0, 0 = 3*n + 15. Let v be (0 - r)*(2 + -1). Suppose j = 4*q - 43, -5*j - 43 + v = -5*q. What is the tens digit of q?
1
Let c(f) = -f - 7. Let s be c(-10). Suppose v + 3*l = 6*v - 18, s*l = -3. Suppose v*x = k + 72 - 20, -3*k - 28 = -x. What is the units digit of x?
6
Suppose j = 4*j + 108. Let h = j + 63. What is the tens digit of h?
2
Let q(m) = -m**3 + 6*m**2 + 4*m - 15. What is the units digit of q(6)?
9
Let b(n) = n**2 - 10*n + 3. What is the units digit of b(15)?
8
Let j(p) be the third derivative of -p**6/120 - p**5/6 - 5*p**4/12 - 3*p**3/2 - 2*p**2. Let g be j(-9). Suppose -2*x + 6 = -g. What is the units digit of x?
3
What is the hundreds digit of (-208 - 8)*2/(-4)?
1
Let k(q) = -q**3 + 8*q**2 + 9. Suppose 24 = -2*y + 5*y. Let a be 6/y + (-29)/(-4). What is the units digit of k(a)?
9
Suppose -2*f - 17 - 98 = -3*s, 0 = 4*s - 2*f - 152. What is the tens digit of s?
3
Let y = -126 - -188. What is the units digit of y?
2
Let d = 235 + -63. What is the hundreds digit of d?
1
Let g = 21 + 19. Suppose 0 = 5*a + 2*w - g, -2*w - 23 = -a - 3. What is the tens digit of a?
1
Suppose 156 = 5*f + 3*p + p, f - p = 33. What is the units digit of f?
2
Let y = 505 + -247. What is the hundreds digit of y?
2
Suppose 4 = l, 3*s = -3*l + 43 + 149. What is the units digit of s?
0
Let i be -1 + 0 + 7 - 2. Suppose 0 = i*t + t. Suppose t = 4*f - 5*o - 35, 3*f + 3 = 3*o + 30. What is the tens digit of f?
1
Let q be ((-2)/3)/((-1)/54). Let g = q - 14. What is the units digit of g?
2
Let c be 45/1*(-2 - -3). Suppose m = -4*m + c. What is the units digit of m?
9
Suppose -3*q + 236 = q. Let l = q - 36. What is the tens digit of l?
2
Let y(m) be the second derivative of m**5/20 + m**4/2 + 2*m**3/3 - m**2/2 - 3*m. Let b be y(-4). Suppose 2*f - b = -f. What is the units digit of f?
5
Suppose 0 = -2*j + 8, 5*v + 6*j - 3*j - 32 = 0. Let b = v + 0. Suppose -4*d = 5*r - 50, 0 = -b*d - r + 5*r + 32. What is the units digit of d?
0
Suppose -17*a = -16*a - 83. What is the units digit of a?
3
Let b be (44/12)/((-1)/(-24)). Suppose -f = -u - 47, -4*f + b = -2*u - 102. What is the units digit of f?
8
Let h(i) = 35*i - 26. What is the units digit of h(6)?
4
Suppose 20 = 4*t, 268 = 2*x - 2*t - 250. What is the hundreds digit of x?
2
Let w = -5 - -8. Suppose 2*i + 64 = -4*t - 2*i, -4 = -t + w*i. Let b = 4 - t. What is the tens digit of b?
1
Suppose f + 3*f + 4*r = -60, 2*r = f + 3. Let h(k) = -3*k - 16. What is the tens digit of h(f)?
1
Let r(y) = y - 1 + 4*y + y - y. Let o be r(1). Suppose -2*c - 4*s + 6 = -12, 0 = -5*c + o*s - 11. What is the units digit of c?
1
Let t be (-4)/(-6)*3/2. Let f be (t - 0)*1*1. Let h = 0 + f. What is the units digit of h?
1
Let s = -21 + 83. What is the units digit of s?
2
Suppose z - 22 = 6. What is the tens digit of z?
2
Let u(l) = l**2 - l + 1. Let k be u(2). Let h be -2 + -2 + (1 - -19). Suppose 6 = 2*z, x + z + k*z = h. What is the units digit of x?
4
Suppose 5*f = -2*z + 56, 0 = 3*f - 2*z + 3*z - 34. Suppose 0 = -0*n + 2*n - f. What is the units digit of (-14)/(-4) + 3/n?
4
Suppose 4*p - 74 = 30. Suppose -5*b - p = -101. What is the units digit of b?
5
Let k(r) = 1 + 0*r - r**3 - r**2 + 5*r**2 + 2*r. Suppose -16 = -2*g + 2*b, g + 3*b = 2*b. What is the units digit of k(g)?
9
Suppose 4*z = 7*z - 162. What is the tens digit of z?
5
Suppose 2*u - 5 = -65. What is the units digit of (-5)/(u/4)*12?
8
Suppose -71 = -u + 5*a + 29, 3*u - 278 = 4*a. What is the tens digit of u?
9
Let n(u) = -51*u + 29. What is the units digit of n(-5)?
4
Suppose 0 = 4*k - 152 + 12. Suppose b - 25 = k. Suppose 2*p + b = 5*p. What is the units digit of p?
0
Let c(i) = 3*i + 2. Suppose 0 = 2*l + l + g + 11, 0 = -5*l + 3*g + 5. Let u be c(l). Let x = 12 + u. What is the units digit of x?
8
Suppose m + 3*w = 9, 2*m - 3*w + 0*w = 27. Let x be 7/3 - 4/m. Suppose 0 = x*r - 21 - 3. What is the units digit of r?
2
What is the tens digit of (2/2 - 4)/((-39)/1144)?
8
Suppose -3*u - 12 = o, 3*u + 2*o + 17 = 5. Let c = u - -7. Suppose 0 = -5*w - x + 17 + 2, -9 = -c*w - 3*x. What is the units digit of w?
4
Let j(o) = -o**3 - 3*o**2 + 2. Let u = 2 - 5. Let q be j(u). Suppose 48 = -q*t + 5*t. What is the tens digit of t?
1
Suppose -t = 4*t - 15, -r + 2*t + 19 = 0. What is the units digit of r?
5
Let d(s) be the first derivative of 11*s**3/3 - s**2/2 + 1. Let f be d(1). What is the units digit of 1*f/(-8)*-4?
5
Let z(i) = i + 4*i**2 - 8*i**2 + 3*i**2 + 24. What is the units digit of z(0)?
4
Suppose 7*y = 4*y - 18. What is the units digit of (-14)/(y/(0 - -3))?
7
Let r = 13 - -4. What is the tens digit of r?
1
Suppose x = 5*p - x - 32, 0 = -2*p + 3*x + 4. Let o = p + 11. Suppose 0 = -2*a - 1 + o. What is the units digit of a?
9
Suppose u - 3*u + 4 = 0. Suppose -3*h - u*h = -120. Suppose 3*g + 34 = 4*v, -5*v + 15 = -2*g - h. What is the units digit of v?
7
Let z be 37 - (2 + -1 - 1). Let o = 47 + -72. Let v = o + z. What is the tens digit of v?
1
Let a(t) = -t**3 + 15*t**2 + 17*t + 22. Let l = 31 - 15. What is the units digit of a(l)?
8
Let u = -13 - -1. Suppose 0 = -3*y + 2*t - 24, 5*y = -0*t - 5*t - 15. Let x = y - u. What is the units digit of x?
6
Let n(d) = 0*d - d**2 - 8*d + 4*d + d**3 + 2. Let r be n(3). Suppose r*m = 5*m + 9. What is